 Let o = -3 - g. What is the remainder when 7 is divided by o?
1
Let g = -8 + 13. Let x = -1 + 3. Suppose 7*a = x*a + 10. Calculate the remainder when g is divided by a.
1
Suppose 2*u - 77 = -3*l, -112 = -4*l - 2*u + 4*u. What is the remainder when 133 is divided by l?
25
Suppose -3*d + 16 = 4. Calculate the remainder when 5 - 0 - (2 + -3) is divided by d.
2
Suppose -5 = -5*y, 3*h + 2*y - 16 = -2*y. Suppose h*k + 0*c = 2*c + 2, -1 = -5*k + 3*c. Calculate the remainder when 5 is divided by k.
1
Let k(d) be the third derivative of d**5/60 + 5*d**4/24 + d**3/3 - d**2. Let u be k(-5). Suppose u - 34 = -2*c. Calculate the remainder when 30 is divided by c.
14
Let d be ((-2)/(-2))/((-3)/(-78)). Suppose y + p - 6*p - d = 0, 0 = 3*p - 9. Let s = -11 - -25. What is the remainder when y is divided by s?
13
Let t(k) = k - 5. Suppose 3*w - 7 - 23 = 0. Calculate the remainder when t(w) is divided by 3.
2
Let g = 30 + -22. Suppose -g = -5*b + 57. Calculate the remainder when 24 is divided by b.
11
Let f(u) = u**2 - 9*u - 6. Suppose 3*p - 42 = -3*c, 5*p - 2*p + c = 34. What is the remainder when p is divided by f(10)?
2
Let m = 3 + -7. What is the remainder when 32 is divided by (-34)/m*(-1 - -3)?
15
Calculate the remainder when (-2)/1 - (-46 + 0) is divided by 16.
12
Let h = -34 - -157. What is the remainder when h is divided by 5?
3
Suppose 3*s + 35 = -4*h - 0*s, 5 = -s. Suppose b + 5 = 1. Let f = b - h. Calculate the remainder when 1 is divided by f.
0
Suppose 0 = -3*y + 8*y - 15. Suppose -4*m + y = -33. Let c = 26 - 0. What is the remainder when c is divided by m?
8
Let r(i) = i - 7. Let f be r(9). Suppose 5*d + 5*b = 15, 3*d + d = f*b + 30. Suppose -d*k + 22 = -4*k. Calculate the remainder when k is divided by 7.
4
Let o(c) be the third derivative of -c**6/120 - c**5/20 + 2*c**2. Suppose 0*a + 4*a - 188 = 0. What is the remainder when a is divided by o(-4)?
15
Suppose 4*h - 118 = -a, 3*h - 44 = 3*a + 52. Suppose 2 - 24 = -2*g. What is the remainder when h is divided by g?
8
Let u(q) be the third derivative of q**4/24 + 67*q**3/6 + 4*q**2. What is the remainder when u(0) is divided by 17?
16
Let y(m) = 9*m**3 - m + 2. What is the remainder when y(2) is divided by 15?
12
Suppose 4*f + 0*f = 28. Let n = -78 + 82. What is the remainder when f is divided by n?
3
Suppose -148 = -5*c + c. Let y = c - 20. What is the remainder when 32 is divided by y?
15
Suppose 42 = -4*c + 206. Let w = c - 18. What is the remainder when w is divided by 6?
5
Let y(g) = g**3 - 11*g**2 + 2*g + 2. What is the remainder when y(11) is divided by 13?
11
Let t = 70 + -50. What is the remainder when 57 is divided by t?
17
Suppose 4*l - 98 = 14. Suppose 3*y - 5*r - 177 = 0, -2*y = 2*r + 29 - 131. Calculate the remainder when y is divided by l.
26
Suppose -3*k + 16 = -5*k. Let n = 11 + k. Let j = 27 - n. What is the remainder when j is divided by 13?
11
Let c(g) = -g**3 - 4*g**2 + 6*g + 5. Let s be c(-5). Suppose s = 2*x - 7 - 1. Suppose x*n - n - 117 = 0. What is the remainder when n is divided by 10?
9
Let h(m) = 9*m**2 - m - 1. Let d be (9/(-4))/(1/4). Let j = d - -28. What is the remainder when h(-2) is divided by j?
18
Let h(w) = -w. Let j be h(-5). Suppose 0 = -j*t + 25, -98 = -3*i - 4*t + 9. Calculate the remainder when i is divided by 15.
14
Suppose -2*x + 4*x = 24. Let m = -8 + x. What is the remainder when 11 is divided by m?
3
Suppose i = 5*d - 15, 0 = -6*d + 2*d + 3*i + 1. Suppose 0*o - m - 13 = 2*o, d*o + 5*m = -35. Let p = -1 - o. What is the remainder when 11 is divided by p?
3
Let u = 10 + 3. What is the remainder when u is divided by 9?
4
Suppose c = 28 + 8. Calculate the remainder when 107 is divided by c.
35
Let t(k) = 4*k**2 - 6*k + 8. Let f(s) = -s**2 - s - 1. Let p(m) = -3*f(m) - t(m). Calculate the remainder when 37 is divided by p(6).
11
Let b(w) = w**3 - 2*w**2 + 2. What is the remainder when b(4) is divided by 19?
15
Suppose -2*u - q = -51, -2*q + 95 = 4*u - 7*q. Calculate the remainder when u is divided by (54/(-126))/(1/(-21)).
7
Let x(t) = 11*t + 3. Suppose 2*l - 52 + 14 = -4*k, 2*l - k = 38. What is the remainder when x(3) is divided by l?
17
Let x = -4 + 3. Let v(z) = -12*z**3. What is the remainder when 3*11 - (2 + -3) is divided by v(x)?
10
Suppose 2*t - 3*l = 83, 2*l = 5*t + l - 188. Let v = -19 + t. Calculate the remainder when v is divided by 4.
2
Let p = -5 - -8. Let m be (-9)/(p/(-1))*2. Let y(i) = i**2 - 5*i + 8. Calculate the remainder when 40 is divided by y(m).
12
Let b = -6 + 17. Let u = 21 - b. Let i = -46 - -64. What is the remainder when i is divided by u?
8
Suppose h - 2*t - 11 = 0, 2*h + 3*t = -h - 3. Calculate the remainder when h is divided by 2*((-2)/4 - -1).
0
Let m(c) = c**2 + 10*c - 7. Let q(h) = h**3 - h**2 + 1. Let x be q(-2). What is the remainder when 10 is divided by m(x)?
2
Suppose 2*a - 31 = -r - 9, 5*r + 30 = 4*a. Let x = a - 0. Calculate the remainder when 37 is divided by x.
7
Suppose 0*i + 2*i + 5*f - 29 = 0, 0 = i - 5*f - 7. Calculate the remainder when 23 is divided by i.
11
Let v = -6 - -12. What is the remainder when 9 is divided by v?
3
Suppose -2*q - 2*j = -7*q + 20, -3*q + 21 = -3*j. Suppose 200 = -q*w + 6*w. Calculate the remainder when w is divided by 17.
16
Calculate the remainder when 80 is divided by ((645/6)/(-5))/(1/(-2)).
37
Suppose 0 = -5*x - 0*x + 35. Let o = x - 4. What is the remainder when 10 is divided by o?
1
Let c = -13 - -29. Calculate the remainder when (2/(-5))/(8/(-920)) is divided by c.
14
Let q be (8/2)/(3/3). Suppose -q*a = -9 - 43. What is the remainder when 24 is divided by a?
11
Let q(y) = 2*y - 18. Calculate the remainder when q(15) is divided by 1.
0
Let c be ((-5)/15)/(1/39). Let s = c - -25. What is the remainder when 34 is divided by s?
10
Let k = 25 + -15. Suppose 5*j - x = 691, -7*x = -3*j - k*x + 411. Suppose j = 5*y - 127. What is the remainder when y is divided by 18?
17
Let n be 1*138*(-12)/(-18). Suppose 30 = -d + n. Calculate the remainder when d is divided by 16.
14
Let m(u) = u**3 - 8*u**2 + 2*u - 10. Let j be m(8). Let o = 0 + j. What is the remainder when o is divided by 4?
2
Let x(p) = 28*p**2. Let o be x(1). Suppose 4*k - 52 = -4*y, 5*y + k = 2*k + 59. Calculate the remainder when -6*1/(-8)*o is divided by y.
9
Suppose -79 = -2*a - 3*b, 2*b = 4 - 6. Let v(i) = -4*i**3 - 2*i**2 - i - 5. What is the remainder when a is divided by v(-2)?
20
Let k = -62 + 123. Calculate the remainder when k is divided by (8 - 0)/((-9)/(-18)).
13
Let y = -3 + 5. Suppose q - 1 = 2*i, -q - 17 = i + 4*q. What is the remainder when y is divided by (i/4)/((-2)/8)?
0
Let r(h) = h**3 + 10*h**2 - 12*h + 9. Calculate the remainder when r(-11) is divided by 7.
6
Let u = -4 + 48. What is the remainder when u is divided by 12?
8
Suppose 5*s = -2*y + 83, -4*s + 15 = -9*s. Calculate the remainder when y is divided by 18.
13
Let k(f) = 3*f**2 - 7*f + 3. Let i be k(5). Let v = -31 + i. Suppose 2*h = -3*h + 115. What is the remainder when h is divided by v?
11
What is the remainder when 46 is divided by 8/6*(20 - 2)?
22
Suppose 13*y - 203 = -21. Calculate the remainder when y is divided by 5.
4
Suppose -58*q = -61*q + 24. Let a = -3 - -24. Calculate the remainder when a is divided by q.
5
Suppose 0 = 2*g + 20 - 42. What is the remainder when 64 is divided by g?
9
Suppose 0 = -3*h - 2*o + 7 + 8, -5 = -h + 2*o. Let p be ((-4)/(-4))/(3/306). Suppose 0 = h*m - 28 - p. Calculate the remainder when m is divided by 9.
8
Let s = 40 + 187. What is the remainder when s is divided by 38?
37
Suppose 3*y + 34 = j, 2*y + 0*y = 10. Suppose -5*t + j = 3*r, -18 = -4*r - 3*t + 29. Let b = -7 + 22. What is the remainder when b is divided by r?
7
Let z(l) = 14*l**2 - 2*l + 1. Suppose 2*s + 2*s = -3*o + 106, -5*s + o + 123 = 0. Let v = s + -18. What is the remainder when z(1) is divided by v?
6
Calculate the remainder when 96 is divided by -33*20/(-48) + (-2)/(-8).
12
Let x = 185 - 65. Suppose -2*t + x = 3*t. Let f(o) = o**3 + 7*o**2 - 8*o + 9. Calculate the remainder when t is divided by f(-8).
6
Suppose -2*l + 7*l - 95 = 0. Calculate the remainder when 37 is divided by l.
18
Let x = 4 - -15. Suppose 15 = -5*g, 2*y - 4*g - 27 = g. Calculate the remainder when -1*(y/(-3) - 34) is divided by x.
17
Suppose 5*g - 8 - 12 = 0. Supp